Is 162362878 a multiple of 974?
True
Does 40 divide 659720490?
False
Is 1460709972 a multiple of 4?
True
Is 18 a factor of 4963441?
False
Is 2344 a factor of 490206393?
False
Does 41 divide 161088180?
True
Is 44109543 a multiple of 858?
False
Does 969 divide 382330578?
True
Is 282635520 a multiple of 12?
True
Is 1583 a factor of 106271140?
False
Is 302 a factor of 2306956860?
True
Does 475 divide 340155535?
False
Is 7 a factor of 613600533?
True
Is 156 a factor of 149637884?
False
Is 804 a factor of 91656804?
True
Is 83586596 a multiple of 71?
True
Does 146 divide 114410126?
True
Is 212242605 a multiple of 3690?
False
Is 1560 a factor of 509581800?
True
Is 17 a factor of 40723721?
True
Does 144 divide 50129136?
True
Does 1273 divide 36916205?
False
Does 7097 divide 253767429?
True
Is 10172773 a multiple of 86?
False
Is 40 a factor of 502079880?
True
Is 274 a factor of 46299424?
True
Is 51 a factor of 105016475?
False
Is 43097065 a multiple of 112?
False
Is 3211543 a multiple of 71?
True
Is 4766 a factor of 384274665?
False
Does 301 divide 377084372?
True
Is 184582305 a multiple of 2?
False
Is 67 a factor of 1738635128?
False
Is 2499929296 a multiple of 1587?
False
Does 639 divide 24413908?
False
Does 299 divide 92065688?
True
Is 671770269 a multiple of 3711?
False
Is 1121 a factor of 89184356?
False
Is 14250312 a multiple of 6?
True
Is 22 a factor of 26645388?
True
Is 242 a factor of 3261599?
False
Is 74 a factor of 21735045?
False
Is 35 a factor of 1739227490?
True
Is 147607808 a multiple of 115?
False
Is 1365 a factor of 142897782?
False
Does 1098 divide 378500851?
False
Is 14179040 a multiple of 92?
True
Does 809 divide 2959752388?
True
Does 20 divide 67626775?
False
Does 13 divide 108538350?
False
Is 209 a factor of 66476013?
False
Does 1790 divide 95965480?
True
Is 144858902 a multiple of 54?
False
Is 4424610280 a multiple of 98?
False
Is 184135224 a multiple of 14?
True
Is 226814433 a multiple of 6243?
True
Is 173 a factor of 22393544?
False
Is 12 a factor of 11227510?
False
Does 2 divide 7183154?
True
Is 9411090 a multiple of 6?
True
Is 1820796225 a multiple of 9?
False
Is 2521491930 a multiple of 3537?
True
Does 84 divide 59007060?
True
Is 3343796 a multiple of 97?
False
Does 33 divide 66852470?
False
Does 4759 divide 52972429?
True
Is 118389215 a multiple of 7?
True
Is 16348261 a multiple of 22?
False
Does 5 divide 5381442?
False
Is 31689453 a multiple of 940?
False
Is 679018672 a multiple of 4?
True
Is 112 a factor of 5451793264?
False
Is 379 a factor of 335559906?
False
Does 358 divide 47913085?
False
Is 335096241 a multiple of 37?
False
Is 170 a factor of 1119550130?
True
Is 57294105 a multiple of 605?
True
Is 7194141 a multiple of 4?
False
Is 3873946 a multiple of 8?
False
Is 9558606 a multiple of 305?
False
Does 143 divide 280571777?
False
Is 7 a factor of 60020590?
True
Is 38 a factor of 3058962?
True
Does 2217 divide 294506280?
True
Does 8 divide 205198152?
True
Is 316095160 a multiple of 56?
False
Is 425271916 a multiple of 389?
True
Is 90277946 a multiple of 4810?
False
Does 32 divide 9662406?
False
Is 2552 a factor of 1916735608?
False
Is 26238799 a multiple of 8?
False
Is 643 a factor of 29826841?
True
Does 25 divide 168999475?
True
Is 941700725 a multiple of 25?
True
Is 3 a factor of 351271566?
True
Is 65 a factor of 100090320?
False
Does 5831 divide 2109011075?
False
Is 2135 a factor of 21811160?
True
Is 21 a factor of 1310626989?
True
Does 93 divide 1624659?
False
Is 75190392 a multiple of 24?
True
Does 121 divide 107693449?
False
Does 65 divide 958179820?
True
Is 16361500 a multiple of 250?
True
Does 258 divide 507046699?
False
Is 72086000 a multiple of 70?
True
Is 39742720 a multiple of 640?
True
Is 141735464 a multiple of 13?
True
Is 7329 a factor of 2748763437?
True
Is 571330644 a multiple of 358?
False
Does 183 divide 67517484?
True
Is 74 a factor of 15423079?
False
Does 15018 divide 648297024?
True
Does 8 divide 24299759?
False
Is 212693164 a multiple of 1009?
True
Does 31 divide 22010434?
True
Is 435431787 a multiple of 7?
True
Is 11 a factor of 45492359?
True
Is 211933180 a multiple of 1370?
False
Does 39 divide 2428530390?
True
Is 579608496 a multiple of 16?
True
Is 4012680 a multiple of 281?
True
Is 12071080 a multiple of 40?
True
Does 46 divide 3910000?
True
Does 160 divide 629488320?
True
Is 84 a factor of 322116564?
True
Is 151 a factor of 50201686?
False
Is 125 a factor of 4861500?
True
Does 728 divide 10395112?
True
Is 1063 a factor of 2840904705?
True
Is 3912043867 a multiple of 354?
False
Is 273668967 a multiple of 199?
False
Does 3424 divide 494067128?
False
Is 12264986 a multiple of 143?
False
Is 1200330690 a multiple of 15?
True
Is 572034394 a multiple of 3?
False
Does 1911 divide 24493287?
True
Is 29 a factor of 544993033?
False
Is 1504 a factor of 187926304?
True
Is 38690437 a multiple of 6323?
True
Does 68 divide 166083744?
True
Is 2995039808 a multiple of 32?
True
Is 364450696 a multiple of 6731?
False
Does 138 divide 38821473?
False
Is 35 a factor of 51292150?
True
Is 52 a factor of 373152?
True
Does 466 divide 175083190?
True
Is 260 a factor of 278870921?
False
Is 10608030 a multiple of 19?
False
Is 68 a factor of 289396100?
True
Is 13 a factor of 95428283?
False
Is 77210801 a multiple of 11?
False
Does 1654 divide 777196406?
True
Is 90669696 a multiple of 208?
True
Is 1045 a factor of 47012460?
True
Is 39 a factor of 80640456?
True
Is 87 a factor of 5303281882?
False
Is 678 a factor of 206580498?
True
Is 1373437796 a multiple of 6?
False
Is 16 a factor of 474114782?
False
Does 10 divide 109284420?
True
Is 6 a factor of 82171866?
True
Does 648 divide 27423254?
False
Does 88 divide 503265928?
True
Is 386749579 a multiple of 19?
True
Is 815 a factor of 677353020?
True
Does 124 divide 471530943?
False
Is 3 a factor of 57265922?
False
Does 3 divide 40539795?
True
Is 10177492 a multiple of 1119?
False
Is 1200964968 a multiple of 756?
True
Is 2834 a factor of 48206340?
True
Is 5322 a factor of 51905466?
True
Is 163 a factor of 2046480426?
False
Is 908464492 a multiple of 359?
False
Does 465 divide 109300110?
True
Is 66537 a multiple of 2983?
False
Does 30 divide 744098130?
True
Is 13 a factor of 523921733?
False
Is 320 a factor of 104952000?
True
Does 107 divide 98460069?
False
Is 3933 a factor of 31070700?
True
Does 7 divide 474552463?
True
Does 2 divide 35078094?
True
Is 27 a factor of 490255228?
False
Does 1915 divide 60569535?
True
Is 198 a factor of 86777262?
True
Does 620 divide 269739297?
False
Is 2712665 a multiple of 6?
False
Does 3014 divide 194559530?
False
Is 599 a factor of 16667907?
False
Is 3151 a factor of 236617259?
False
Is 1168271108 a multiple of 92?
True
Is 17 a factor of 14979160?
False
Is 280 a factor of 587063960?
True
Does 368 divide 1768129?
False
Is 440 a factor of 2045638818?
False
Is 13450027 a multiple of 1790?
False
Is 287 a factor of 15875118?
True
Does 6151 divide 58631332?
True
Is 145793098 a multiple of 1992?
False
Is 27 a factor of 213729948?
True
Is 4649662075 a multiple of 74?
False
Is 632502 a multiple of 159?
True
Is 17 a factor of 6044605?
True
Is 311 a factor of 57483374?
True
Does 67 divide 342814076?
True
Is 61 a factor of 853605025?
True
Is 7334454 a multiple of 531?
False
Does 168 divide 570977547?
False
Does 2029 divide 132658049?
True
Does 895 divide 4318285500?
True
Is 12 a factor of 552056928?
True
Is 274481282 even?
True
Is 49 a factor of 866200783?
True
Is 689 a factor of 6129614777?
True
Does 1042 divide 95233590?
True
Does 3 divide 31874633?
False
Does 24 divide 321652848?
True
Is 56 a factor of 18563384?
True
Is 1433 a factor of 581045675?
True
Does 24 divide 16673592?
True
Is 78 a factor of 672189726?
True
Is 9049881 a multiple of 165?
False
Is 4633 a factor of 1042501183?
False
Is 897731622 a multiple of 111?
False
Does 18 divide 3999167118?
True
Is 231 a factor of 6692871?
False
Is 668 a factor of 48984628?
False
Is 44548480 a multiple of 1504?
True
Is 62673555 a multiple of 313?
True
Does 44 divide 675207622?
False
Is 168959684 a multiple of 188?
False
Does 112 divide 89490464?
True
Does 2632 divide 146147608?
False
Is 112727966 a multiple of 13?
True
Is 1936 a factor of 347762459?
False
Does 8304 divide 902763696?
False
Does 582 divide 1